{"id":28,"date":"2012-03-11T11:08:28","date_gmt":"2012-03-11T10:08:28","guid":{"rendered":"http:\/\/seves-konz-spez.net\/blog\/?page_id=28"},"modified":"2012-06-07T09:12:09","modified_gmt":"2012-06-07T08:12:09","slug":"profilierung-verbinde-netzwerke","status":"publish","type":"page","link":"http:\/\/seves-konz-spez.net\/blog\/profilierung-verbinde-netzwerke\/","title":{"rendered":"Profilierung Verbinde-Netzwerke"},"content":{"rendered":"<h1>Profilierung Unternehmen SEVES:<\/h1>\n<h3>Spezielle St\u00e4rken &#8211; Profilierung<\/h3>\n<p>Analytische Denk-, Zusammenhangs- und technische Probleml\u00f6sungsf\u00e4higkeit bei vernetzten, komplexen Systemen. Profilierung mit Strategiewissen \u00fcber den optimalen Kr\u00e4fteeinsatz\u00a0mit l\u00fcckenkonzentrierter Potentialschaffung in Unternehmen.<\/p>\n<h3>Gesch\u00e4ftsfeld<\/h3>\n<p>Leistungssteigerungen um das zigfache Realisieren mit den Konzentrations- und Spezialisierungs-Feldern.<\/p>\n<h3>Zielgruppe<\/h3>\n<p>Bundesverband StrategieForum, Strategie-BeraterInnen Teamzusammenstellung in Unternehmen und Organisationen.<\/p>\n<h3>Brennendste Probleme<\/h3>\n<p>Erkenntnisse und Orientierungs-Instrumente aufzeigen von Strukturen und Kr\u00e4ftefeldern, um die Erwartungen der Mitwelt und Umwelt sinnorientiert und informativ zu Erf\u00fcllen. Durch Minimumfaktor-Beschaffung das Wachstum und den Erfolg bei der Zielgruppe erm\u00f6glichen.<\/p>\n<h3>Innovation<\/h3>\n<p>Motivierende Krisenbew\u00e4ltigung durch Praxisanwendung der vier nat\u00fcrlichen Grundkr\u00e4fte mittels Konzentration und Spezialisierung neue Perspektiven\/M\u00e4rkte erschliessen.<br \/>\nNeue Gesellschafts-Struktur mit evolutionskonformem Denken.<\/p>\n<h3>Kooperation<\/h3>\n<p>Die globale Zusammenarbeit f\u00f6rdern f\u00fcr effektiveres Management und Gewinner-Gewinner-Erfolge durch machtorientierte Kooperation. Einbezug des Atombaues f\u00fcr Innovations- und neue Kooperationsformen.<\/p>\n<h3>Grundbed\u00fcrfnis-Spezialisierung<\/h3>\n<p>Marktf\u00fchrung Verbinde-Netzwerke. Zukunftssicherung bei lebenslangem Lernen auf ein Ziel zu mit engpassorientierten Stufen-Innovationen bei Systemen und Netzwerken.<\/p>\n<h3>Organisation\/Umsetzung\/Kommunikation<\/h3>\n<p>Orientierung an der langfristig bew\u00e4hrten evolutionskonformen Strategie. Alterozentrierte und konzentrierte Spezialisierung f\u00fcr die Evolutionsf\u00f6rderung.Katalysator- und Regel-Funktion. Mit der Selbstorganisation Komplexit\u00e4t und Vielfalt managen.<\/p>\n","protected":false},"excerpt":{"rendered":"<p>Profilierung Unternehmen SEVES: Spezielle St\u00e4rken &#8211; Profilierung Analytische Denk-, Zusammenhangs- und technische Probleml\u00f6sungsf\u00e4higkeit bei vernetzten, komplexen Systemen. Profilierung mit Strategiewissen \u00fcber den optimalen Kr\u00e4fteeinsatz\u00a0mit l\u00fcckenkonzentrierter Potentialschaffung in Unternehmen. Gesch\u00e4ftsfeld Leistungssteigerungen um das zigfache Realisieren mit den Konzentrations- und Spezialisierungs-Feldern. Zielgruppe Bundesverband StrategieForum, Strategie-BeraterInnen Teamzusammenstellung in Unternehmen und Organisationen. Brennendste Probleme Erkenntnisse und Orientierungs-Instrumente aufzeigen von [&hellip;]<\/p>\n","protected":false},"author":2,"featured_media":0,"parent":0,"menu_order":3,"comment_status":"open","ping_status":"open","template":"","meta":[],"_links":{"self":[{"href":"http:\/\/seves-konz-spez.net\/blog\/wp-json\/wp\/v2\/pages\/28"}],"collection":[{"href":"http:\/\/seves-konz-spez.net\/blog\/wp-json\/wp\/v2\/pages"}],"about":[{"href":"http:\/\/seves-konz-spez.net\/blog\/wp-json\/wp\/v2\/types\/page"}],"author":[{"embeddable":true,"href":"http:\/\/seves-konz-spez.net\/blog\/wp-json\/wp\/v2\/users\/2"}],"replies":[{"embeddable":true,"href":"http:\/\/seves-konz-spez.net\/blog\/wp-json\/wp\/v2\/comments?post=28"}],"version-history":[{"count":30,"href":"http:\/\/seves-konz-spez.net\/blog\/wp-json\/wp\/v2\/pages\/28\/revisions"}],"predecessor-version":[{"id":659,"href":"http:\/\/seves-konz-spez.net\/blog\/wp-json\/wp\/v2\/pages\/28\/revisions\/659"}],"wp:attachment":[{"href":"http:\/\/seves-konz-spez.net\/blog\/wp-json\/wp\/v2\/media?parent=28"}],"curies":[{"name":"wp","href":"https:\/\/api.w.org\/{rel}","templated":true}]}}

<h1>Profilierung Unternehmen SEVES:</h1>
<h3>Spezielle Stärken &#8211; Profilierung</h3>
<p>Analytische Denk-, Zusammenhangs- und technische Problemlösungsfähigkeit bei vernetzten, komplexen Systemen. Profilierung mit Strategiewissen über den optimalen Kräfteeinsatz mit lückenkonzentrierter Potentialschaffung in Unternehmen.</p>
<h3>Geschäftsfeld</h3>
<p>Leistungssteigerungen um das zigfache Realisieren mit den Konzentrations- und Spezialisierungs-Feldern.</p>
<h3>Zielgruppe</h3>
<p>Bundesverband StrategieForum, Strategie-BeraterInnen Teamzusammenstellung in Unternehmen und Organisationen.</p>
<h3>Brennendste Probleme</h3>
<p>Erkenntnisse und Orientierungs-Instrumente aufzeigen von Strukturen und Kräftefeldern, um die Erwartungen der Mitwelt und Umwelt sinnorientiert und informativ zu Erfüllen. Durch Minimumfaktor-Beschaffung das Wachstum und den Erfolg bei der Zielgruppe ermöglichen.</p>
<h3>Innovation</h3>
<p>Motivierende Krisenbewältigung durch Praxisanwendung der vier natürlichen Grundkräfte mittels Konzentration und Spezialisierung neue Perspektiven/Märkte erschliessen.<br />
Neue Gesellschafts-Struktur mit evolutionskonformem Denken.</p>
<h3>Kooperation</h3>
<p>Die globale Zusammenarbeit fördern für effektiveres Management und Gewinner-Gewinner-Erfolge durch machtorientierte Kooperation. Einbezug des Atombaues für Innovations- und neue Kooperationsformen.</p>
<h3>Grundbedürfnis-Spezialisierung</h3>
<p>Marktführung Verbinde-Netzwerke. Zukunftssicherung bei lebenslangem Lernen auf ein Ziel zu mit engpassorientierten Stufen-Innovationen bei Systemen und Netzwerken.</p>
<h3>Organisation/Umsetzung/Kommunikation</h3>
<p>Orientierung an der langfristig bewährten evolutionskonformen Strategie. Alterozentrierte und konzentrierte Spezialisierung für die Evolutionsförderung.Katalysator- und Regel-Funktion. Mit der Selbstorganisation Komplexität und Vielfalt managen.</p>

<p>Profilierung Unternehmen SEVES: Spezielle Stärken &#8211; Profilierung Analytische Denk-, Zusammenhangs- und technische Problemlösungsfähigkeit bei vernetzten, komplexen Systemen. Profilierung mit Strategiewissen über den optimalen Kräfteeinsatz mit lückenkonzentrierter Potentialschaffung in Unternehmen. Geschäftsfeld Leistungssteigerungen um das zigfache Realisieren mit den Konzentrations- und Spezialisierungs-Feldern. Zielgruppe Bundesverband StrategieForum, Strategie-BeraterInnen Teamzusammenstellung in Unternehmen und Organisationen. Brennendste Probleme Erkenntnisse und Orientierungs-Instrumente aufzeigen von [&hellip;]</p>
