{"id":2,"date":"2012-03-04T14:58:57","date_gmt":"2012-03-04T14:58:57","guid":{"rendered":"http:\/\/seves-konz-spez.net\/blog\/?page_id=2"},"modified":"2014-03-26T13:26:12","modified_gmt":"2014-03-26T12:26:12","slug":"konzept-3","status":"publish","type":"page","link":"http:\/\/seves-konz-spez.net\/blog\/konzept-3\/","title":{"rendered":"Konzept"},"content":{"rendered":"<h1>Konzept : Multiplikation der eigenen Leistung!<\/h1>\n<p><strong>Bew\u00e4hrtes, erfolgreiches Konzept der Unternehmens-Beratung\u00a0<\/strong><strong>mit 8 Phasen und unterst\u00fctzenden 8 Dynamiken.<br \/>\n<\/strong>Formular in Eigenregie soweit m\u00f6glich ausf\u00fcllen.<br \/>\nEntscheiden: selber dieses Konzept weiterentwickeln oder Beratungsleistung anfordern!<\/p>\n<div id=\"attachment_1551\" style=\"width: 510px\" class=\"wp-caption aligncenter\"><a href=\"http:\/\/seves-konz-spez.net\/blog\/wp-content\/uploads\/2012\/03\/Konzept-Strategie-Beratung1.jpg\"><img aria-describedby=\"caption-attachment-1551\" decoding=\"async\" loading=\"lazy\" class=\"size-large wp-image-1551\" alt=\"Konzept Strategie-Beratung und Marketing\" src=\"http:\/\/seves-konz-spez.net\/blog\/wp-content\/uploads\/2012\/03\/Konzept-Strategie-Beratung1-850x1024.jpg\" width=\"500\" height=\"602\" srcset=\"http:\/\/seves-konz-spez.net\/blog\/wp-content\/uploads\/2012\/03\/Konzept-Strategie-Beratung1-850x1024.jpg 850w, http:\/\/seves-konz-spez.net\/blog\/wp-content\/uploads\/2012\/03\/Konzept-Strategie-Beratung1-249x300.jpg 249w\" sizes=\"(max-width: 500px) 100vw, 500px\" \/><\/a><p id=\"caption-attachment-1551\" class=\"wp-caption-text\">Konzept Strategie-Beratung und Marketing<\/p><\/div>\n<p><strong>\u00a0 \u00a0 \u00a0 \u00a0 \u00a0 \u00a0 \u00a0 \u00a0 \u00a0 \u00a0 \u00a0 \u00a0 Phasen (f) Intern\/Extern \u00a0\u00a0<\/strong>&lt;=&gt; \u00a0 \u00a0<strong>Dynamiken (m) Intern\/Extern<\/strong><\/p>\n<p>Dies sind sich gegenseitig erg\u00e4nzende und unterst\u00fctzende Pole in einem Kr\u00e4ftefeld!<br \/>\nUm effektiv und effizient Erfolgreich zu sein, immer die passende Phase f und Dynamik m beiziehen als erg\u00e4nzendes Partner-Teil!<br \/>\nDies f\u00fchrt zu einer 8-er Team-Organisation unter einer entsprechenden Strategie analog den Neutronen, Antineutronen und Protonen- bzw. Antiprotonen-Arten mit den entsprechenden Aussen-Orbits!<\/p>\n<p><strong>Passende Zielgruppe f\u00fcr das Konzept: Wer hat Bedarf und Interesse an diesem Konzept?<\/strong><br \/>\nBitte Mailen an info@seves-konz-spez.net .<\/p>\n<p><strong>Zielgruppen-Dialog\u00a0<\/strong> Die Zielgruppe nach der ben\u00f6tigenden Leistung fragen!<\/p>\n<p><strong>Konzentrierte, innovative und permanente gemeinsame Probleml\u00f6sungs-Verbesserung hin zum Grundbed\u00fcrfnis.<\/strong><\/p>\n<p><strong>8er-Team-Bildung f\/m intern im Unternehmen f\u00fcr mehr \u00a0Nutzen und verbesserter Motivation.<\/strong><\/p>\n<p><strong>Verkauf im Nachfrage-Sog-System.<\/strong><\/p>\n<p>Heutiges Verkaufen, wo eine dringend ben\u00f6tigte Nachfrage besteht, um einen entsprechenden Nutzen gegen das Entgelt zu erhalten.<\/p>\n<p><strong>Multiplikation mit Franchising &#8211; Marktf\u00fchrerschaft erreichen!<\/strong><\/p>\n<p>&nbsp;<\/p>\n<p><span style=\"line-height: 1.5em;\">\u00a0<\/span><\/p>\n","protected":false},"excerpt":{"rendered":"<p>Konzept : Multiplikation der eigenen Leistung! Bew\u00e4hrtes, erfolgreiches Konzept der Unternehmens-Beratung\u00a0mit 8 Phasen und unterst\u00fctzenden 8 Dynamiken. Formular in Eigenregie soweit m\u00f6glich ausf\u00fcllen. Entscheiden: selber dieses Konzept weiterentwickeln oder Beratungsleistung anfordern! \u00a0 \u00a0 \u00a0 \u00a0 \u00a0 \u00a0 \u00a0 \u00a0 \u00a0 \u00a0 \u00a0 \u00a0 Phasen (f) Intern\/Extern \u00a0\u00a0&lt;=&gt; \u00a0 \u00a0Dynamiken (m) Intern\/Extern Dies sind sich gegenseitig [&hellip;]<\/p>\n","protected":false},"author":2,"featured_media":0,"parent":0,"menu_order":5,"comment_status":"open","ping_status":"open","template":"","meta":[],"_links":{"self":[{"href":"http:\/\/seves-konz-spez.net\/blog\/wp-json\/wp\/v2\/pages\/2"}],"collection":[{"href":"http:\/\/seves-konz-spez.net\/blog\/wp-json\/wp\/v2\/pages"}],"about":[{"href":"http:\/\/seves-konz-spez.net\/blog\/wp-json\/wp\/v2\/types\/page"}],"author":[{"embeddable":true,"href":"http:\/\/seves-konz-spez.net\/blog\/wp-json\/wp\/v2\/users\/2"}],"replies":[{"embeddable":true,"href":"http:\/\/seves-konz-spez.net\/blog\/wp-json\/wp\/v2\/comments?post=2"}],"version-history":[{"count":28,"href":"http:\/\/seves-konz-spez.net\/blog\/wp-json\/wp\/v2\/pages\/2\/revisions"}],"predecessor-version":[{"id":1561,"href":"http:\/\/seves-konz-spez.net\/blog\/wp-json\/wp\/v2\/pages\/2\/revisions\/1561"}],"wp:attachment":[{"href":"http:\/\/seves-konz-spez.net\/blog\/wp-json\/wp\/v2\/media?parent=2"}],"curies":[{"name":"wp","href":"https:\/\/api.w.org\/{rel}","templated":true}]}}